(z).
-5
Let m(a) be the second derivative of -a**4/12 - 4*a**3/3 - 3*a**2/2 - 169*a. Let c = -25 - -18. What is m(c)?
4
Let l(r) = -4*r - 19. Suppose 42 = d + 46. Determine l(d).
-3
Let i = -72 - -79. Suppose 3*p - 2 - i = 0. Let s(t) = t**2 - 1. Give s(p).
8
Let b = 59 + -40. Let f = b + -17. Let q(v) = 8*v + 1. Let g(o) = -9*o - 1. Let d(a) = 5*g(a) + 6*q(a). Calculate d(f).
7
Let g = 181/7320 + -1/61. Let b(y) be the third derivative of -1/10*y**5 + 0*y + 6*y**2 - 3/8*y**4 + 7/6*y**3 + g*y**6 + 0. Calculate b(7).
-7
Let x(q) = -5*q**2 - 11*q - 4. Let r(s) = 10*s**2 + 8*s + 1. Let k(i) = -11*i**2 - 7*i. Let v(y) = -4*k(y) - 5*r(y). Let h(b) = 4*v(b) - 5*x(b). Give h(-4).
-12
Let d(c) = 5*c + 8. Let f(h) = -16*h - 565. Let o be f(-35). What is d(o)?
-17
Suppose 725 = 10*u - 455. Let x = -114 + u. Let t(w) = -w**3 + 5*w**2 - 5*w + 2. What is t(x)?
-2
Suppose 2*p = 5*k + 4*p - 155, -124 = -4*k - p. Let y(h) = 3*h - 38 + h + k - 2*h. Determine y(6).
5
Let r(b) = 16*b - 33. Let g(t) = -32*t + 59. Let v(h) = -4*g(h) - 7*r(h). What is v(4)?
59
Suppose 4*q - 2*z - 6 - 24 = 0, -z - 29 = -4*q. Let l(y) = -11*y**3 - y**2 - 7*y - 7. Let o(c) = -13*c**3 - 8*c - 8. Let h(n) = -7*l(n) + 6*o(n). Give h(q).
8
Let r(a) = 4 - 2 + 2*a - 1. Let l be 4/(-9) - 8/(-18). Suppose -o = 4*h - l*h + 1, 4*h = 4. Calculate r(o).
-9
Let b(v) = v**2 + v + 26. Let g = 133 + -133. Determine b(g).
26
Let s(x) be the third derivative of x**5/60 + 5*x**4/24 + x**3 - 10*x**2. Let g be 2*((-27)/6 - -2). Determine s(g).
6
Let h(x) = -x**2 + 8*x - 5. Let v = 184 + -177. What is h(v)?
2
Let n = 43 - 39. Let s(z) = -3*z + 5. Let a be s(n). Let o(b) be the second derivative of b**3/6 + 13*b**2/2 + b. Determine o(a).
6
Let v = -8 - -29. Suppose 4*u + 3*q = 1, 2*q = 4*u + q - v. Suppose 6*w + u = 10*w. Let g(a) = a**3 - a + 1. Calculate g(w).
1
Let g(s) = s**3 - 3 - 25*s - 26*s**2 + 17*s**2 + 32*s. Give g(8).
-11
Let o = 772 - 770. Let v(k) = -5*k**3 - 5*k**2 + 2*k + 1. Let p(u) = 9*u**3 + 9*u**2 - 4*u - 1. Let f(m) = -4*p(m) - 7*v(m). Calculate f(o).
-11
Let y be 0 - (-5)/((-10)/4). Let v(a) be the first derivative of 4*a**2 - 2*a + 261. Calculate v(y).
-18
Let f(j) be the first derivative of -j**3/3 + 5*j**2 - 12*j + 72. Determine f(8).
4
Let q be (-29)/(-4) - 2/8. Let g(x) be the third derivative of x**5/60 - x**4/3 + 7*x**3/6 - 715*x**2. Give g(q).
0
Let i(l) = -l**2 + 3*l + 216. Let c be i(-13). Let g(m) = m**2 - 6*m + 2. Let y(p) = 2*p**2 - 11*p + 5. Let a(o) = 5*g(o) - 2*y(o). Determine a(c).
0
Let g(t) = 11 - t - 15 + 9. Let s be (6/9 + -1)*-15. Suppose s*r - 16 - 14 = 0. Determine g(r).
-1
Let s = -44 + 44. Let q(i) = i**3 + i + 12. What is q(s)?
12
Let o(m) = -m**3 + 2*m + 2. Suppose 444*i - 438*i = 18. What is o(i)?
-19
Let q = 520/3 + -4159/24. Let w(d) be the third derivative of -1/6*d**3 - 7*d**2 + 0 + q*d**6 + 1/60*d**5 + 0*d + 1/24*d**4. What is w(1)?
6
Suppose -7*s + 14*s - 105 = 0. Let b(w) = w - 17. What is b(s)?
-2
Let c(l) = -l + 2. Let g(d) = 1 + 1 - 1. Let h(n) = c(n) - 4*g(n). Suppose 10*a - 5*a = -2*r - 32, -r = 5*a + 31. Give h(a).
4
Let h(m) = 3*m**2 + 6*m + 2. Let d be h(-2). Suppose -i + 5 = -d*i. Let a = i - 1. Let j(g) = g**3 + 5*g**2 - 7*g - 3. Calculate j(a).
3
Suppose 4*o = 12 + 4. Suppose -12 = -2*a - o. Let x(w) = -1. Let n(q) = -q. Let u(v) = -n(v) + 5*x(v). What is u(a)?
-1
Let m = -33 + 41. Let i(x) = x**2 - 10*x + 5. Give i(m).
-11
Let o(b) = -b**2 - 18*b - 34. Let j be o(-15). Let i(w) = 11*w - 1 - 25*w + 4 - w**2 + j*w. Give i(2).
-7
Let q(h) = 7*h**3 + 7*h**2 + 2*h + 8. Let b(l) = -15*l**3 - 15*l**2 - 5*l - 18. Let x(i) = 6*b(i) + 13*q(i). What is x(-4)?
-36
Let p(x) = -3*x - 2. Let z(c) = -21*c - 64. Let l(a) = -4*a - 13. Let t(w) = 11*l(w) - 2*z(w). Let j be t(-11). Suppose -8 = 5*g + j. What is p(g)?
7
Let h(v) = -7*v**2 - 12*v - 2. Let o(s) = -7*s**2 - 13*s - 2. Let k(r) = 7*h(r) - 6*o(r). Determine k(-2).
-18
Let m = 52 - 61. Let l(v) = -v**2 - 9*v + 6. What is l(m)?
6
Suppose 0 = -9*i - 110 + 119. Let p(u) = -2 - 8*u + 2. Determine p(i).
-8
Let w be 18/4*(-10)/105*7. Let d(l) = l**3 + 2*l**2 - 2*l + 6. What is d(w)?
3
Let b(a) = 2*a - 8. Let h be (-1)/2 - (-351)/26. What is b(h)?
18
Let k = 1378 - 1385. Let x(i) = 4*i**2 + 8*i + 3. Let v(t) = 5*t**2 + 8*t + 2. Let z(p) = 3*v(p) - 4*x(p). Give z(k).
1
Let q(t) = t**3 + 5*t**2 + t. Suppose 3 = 5*k - 5*p - 12, -3 = 3*p. Suppose k*s = -6*s - 40. Give q(s).
-5
Suppose -12 = 2*i - 0*i. Let n(z) be the first derivative of 10 + 1/3*z**3 + 3*z**2 - z. Calculate n(i).
-1
Let w(v) = -v**3 + 4*v**2 + 4*v + 3. Let l be (-5*6/(-60))/((-4)/(-40)). Give w(l).
-2
Let p = -134 + 140. Let s(u) = -4*u - 3 - 2 + 6 + u**2. Determine s(p).
13
Let b(k) = -4*k**2 - 3*k. Let f(z) = 9*z**2 + 53*z + 41. Let i be f(-5). Calculate b(i).
-7
Suppose -2*x = 4*j - 34, -2*j = -5*x - 4*j + 53. Suppose 2*f + 2 = -4*n, 0*n + 4*f + x = -3*n. Let i(v) = 5*v - 1. What is i(n)?
4
Let b(y) = y**2 + 4. Suppose -2*l - 3*l = -17*l. What is b(l)?
4
Let y(r) = 7899 + 3*r - 7891 - 4*r. Determine y(-7).
15
Let f(m) = m**2 - 3*m - 6. Let h be f(6). Let t(z) = -h*z - 2 + 1 - 2. Calculate t(-2).
21
Let z(p) = p**2 + 4*p - 12. Suppose 0 = 4*m - 2*x + 26, -3*m - 4*x + 2 = 16. Give z(m).
0
Let d be (-66)/(-3 - (5 + -6)). Let t(a) = -a**2 + 6*a**2 + 10*a + d - 4*a**2 - 30. Give t(-9).
-6
Let v = 4 + 2. Let g(s) = 6 - 6*s - 3 - 5 + 3*s + 0*s. Give g(v).
-20
Let t = 31 - 24. Let u(n) = n - 1. Let i be u(t). Let c(y) = -2*y + 7. What is c(i)?
-5
Let x(v) = -1. Let m(f) = -f - 2. Let i(y) = -m(y) + x(y). Let h(p) = p**3 + 10*p**2 + 5*p - 5. Let s(g) = -h(g) - 3*i(g). Give s(-9).
-7
Let h(c) = -c**2 + 3*c - 1. Let l = 443 + -440. Determine h(l).
-1
Let r = 32 + -28. Let w(v) = 0 - r*v + 5 + v**2 - 2*v + 2. What is w(7)?
14
Let y(n) = -2*n + n**2 - 2 + n**2 + 5*n**2. Suppose -5 = -3*a + 4*a, 5*t + 5*a + 15 = 0. Give y(t).
22
Let f(z) = -z + 4. Let s be -10*(-1)/14 + 2/7. What is f(s)?
3
Let j(x) = -x**3 - 5*x**2 - 7*x - 4. Let l(m) = -128*m + 252. Let q be l(2). Determine j(q).
8
Let k(g) = -g**3 - g**2 + 8*g + 3. Let v(t) = -t**3 + 10*t + 4. Let c(y) = 7*k(y) - 6*v(y). What is c(-6)?
-15
Let f(m) = -7*m**3 + 0*m**2 - 3*m**2 + 4*m**2. Let q(x) = -141*x + 2396. Let b be q(17). What is f(b)?
8
Let f(b) = -537*b**3 + 536*b**3 - 5*b - 8*b**2 + 0 - 2. Determine f(-7).
-16
Let c(j) be the second derivative of j**5/20 - 7*j**4/12 - 11*j**3/6 - 3*j**2/2 - j + 15. Calculate c(8).
-27
Let g(v) be the second derivative of -1/2*v**2 + 28*v + 0 + 1/3*v**3. Suppose 2*j - j = 5. What is g(j)?
9
Let y be (-1 + (-2)/(-2))/2. Suppose -2*m + 12 = -y*m. Let f(r) = -r**2 + 8*r - 8. What is f(m)?
4
Let i be 3/5 - (-144)/60. Let a(j) = j**2 - 1. Determine a(i).
8
Let f(n) = 9*n - 24. Let l(r) = -5*r + 12. Let m(c) = -4*f(c) - 7*l(c). Calculate m(14).
-2
Let j(w) = w**3 - 4*w**2 + w + 2. Let k = -628 - -631. Give j(k).
-4
Suppose 2*r = l + 24 + 2, -r = 5*l - 2. Let i(w) = -r + 3*w**3 - w**3 - 3*w**3 + w - w**2 + 2*w**3. Suppose n = 5*z - 25, 5*n + 0*z = -3*z + 15. Calculate i(n).
-12
Suppose 32 = 14*s - 6*s. Let w(g) = 2 + 3 - 3 + 2*g - g**2. What is w(s)?
-6
Let h be 3*-1*(3 - 6). Suppose -4*t - h = -3*t - 3*j, 5*j = 15. Let w = t - 6. Let f(l) = -l**3 - 5*l**2 + 5*l + 5. Determine f(w).
11
Let v(l) = -6 - 2*l + 4*l + 0. Let b = 79 + -115. Let h = b - -42. Determine v(h).
6
Suppose -2*j + 4*j + 2*d + 10 = 0, -2*j + 3*d = 0. Let r(x) = x**2 + 2*x + 2. Calculate r(j).
5
Let c(q) = q**2 + 5*q - 5. Let y(i) = -2*i**3 - i**2 - 2*i - 1. Let p be y(-1). Let o be (11 + -9)*p*-1. Determine c(o).
-9
Let j(a) be the second derivative of a**5/20 - 3*a**4/4 + 7*a**3/6 - 7*a**2/2 - a. Let f be (660/297 - 2)/(1/36). Give j(f).
-15
Let p = 4 - 34. Let m be ((-40)/p)/(2/3). Let q(z) = -z**3 + 2*z**2 - z - 1. What is q(m)?
-3
Let n(g) = 2*g + 3. Let l(h) = 2*h + 4. Let c(s) = -2*l(s) + 3*n(s). Suppose 3*i + 6*i + 36 = 0. Calculate c(i).
-7
Let d be (-8)/((-24)/(-9))*-1. Suppose -2*w - 35 = -d*b, -b - 3*w = -6 - 13. Let s(o) = o**3 - 13*o**2 + o - 10. Determine s(b).
3
Let h(j) = j**2 + 5*j + 6. Let s be -4 + 4/8*-6. Let q(g) = -6 + 2*g**2 + 8 + 10 + 9*g. Let o(y) = s*h(y) + 4*q(y). Calculate o(0).
6
Suppose -4*v + 5*v + c - 24 = 0, 3*c = 4*v - 103. Suppose -6*n - v = -n. Let t(y) be the